11111 (base 2) to base 7.
1330
What is 11202 (base 5) in base 6?
3414
b26 (base 14) to base 13
cc6
Convert -502532 (base 6) to base 16.
-9a58
-230223 (base 6) to base 2
-100110001000111
Convert 54441 (base 6) to base 4.
1311121
Convert -12a40 (base 14) to base 13.
-17b94
-6982 (base 12) to base 6
-130242
What is 556 (base 7) in base 6?
1154
What is 233 (base 4) in base 16?
2f
26c (base 13) to base 9
525
Convert -22215 (base 7) to base 9.
-7610
1121021 (base 3) to base 2
10010010000
51b5 (base 13) to base 12
665a
-161 (base 8) to base 12
-95
-45b0 (base 16) to base 15
-5445
What is 870 (base 10) in base 4?
31212
What is 4c67 (base 13) in base 4?
2222111
What is 28b (base 15) in base 11?
489
1225 (base 14) to base 7
12145
Convert -24a (base 11) to base 15.
-14b
-114156 (base 7) to base 3
-1001100120
Convert -25c8 (base 14) to base 2.
-1100111110100
1427 (base 10) to base 7
4106
-297 (base 13) to base 15
-20c
Convert 632 (base 10) to base 14.
332
What is 40156 (base 8) in base 6?
204210
-39e (base 15) to base 14
-42c
Convert 28a1 (base 15) to base 8.
20775
-1405 (base 7) to base 9
-664
What is -2063 (base 13) in base 7?
-16022
Convert -222204 (base 5) to base 6.
-100044
a05 (base 16) to base 2
101000000101
f5 (base 16) to base 6
1045
11a08 (base 11) to base 5
1022230
Convert 102020 (base 3) to base 15.
153
What is 4a1 (base 14) in base 5?
12200
-11001011000110 (base 2) to base 11
-9847
25b (base 12) to base 11
2a7
What is 23153 (base 6) in base 11?
2539
What is 35062 (base 8) in base 16?
3a32
What is -9259 (base 10) in base 9?
-13627
What is 20221200 (base 3) in base 12?
2b23
-11010001001000 (base 2) to base 9
-20321
Convert 1301 (base 5) to base 14.
105
Convert -756d (base 14) to base 8.
-47475
Convert -1300 (base 7) to base 4.
-13222
What is -706 (base 14) in base 15?
-61d
What is -1198 (base 11) in base 2?
-11000010111
What is -8cfc (base 16) in base 8?
-106374
What is -120122 (base 4) in base 6?
-11122
11c7 (base 14) to base 16
c2b
What is -53a (base 12) in base 3?
-1001101
Convert -143551 (base 6) to base 12.
-7bb7
What is 5545 (base 6) in base 10?
1289
44898 (base 11) to base 5
4034323
Convert -2531 (base 6) to base 12.
-447
1330 (base 16) to base 11
3766
Convert -221111022 (base 3) to base 15.
-578e
Convert 45756 (base 9) to base 10.
30507
-340 (base 10) to base 9
-417
Convert 10112 (base 4) to base 2.
100010110
Convert -27112 (base 8) to base 12.
-6a36
Convert 36 (base 7) to base 2.
11011
What is 2b6 (base 16) in base 4?
22312
Convert 33021222 (base 4) to base 12.
2bab6
3796 (base 12) to base 9
8576
Convert -25010 (base 6) to base 2.
-111001011110
-1964 (base 14) to base 7
-16254
-277 (base 11) to base 5
-2301
93f (base 16) to base 13
1101
1001110000111 (base 2) to base 6
35051
What is 11a (base 16) in base 15?
13c
a1da (base 14) to base 8
66264
What is -52040 (base 9) in base 5?
-2044144
What is -106228 (base 9) in base 6?
-1210255
What is 1857 (base 9) in base 8?
2625
-2147 (base 8) to base 12
-79b
Convert -5a84 (base 11) to base 7.
-32125
-1330034 (base 5) to base 15
-7e7e
d1 (base 15) to base 9
237
What is 38384 (base 10) in base 16?
95f0
What is -22052 (base 8) in base 13?
-42a2
Convert 203 (base 14) to base 7.
1103
-1b0 (base 14) to base 9
-428
758 (base 9) to base 10
620
-3554 (base 7) to base 10
-1313
What is -180 (base 10) in base 8?
-264
Convert -1206 (base 10) to base 6.
-5330
1e (base 15) to base 12
25
What is -12528 (base 10) in base 14?
-47cc
What is 1a98 (base 13) in base 5?
112022
What is 100742 (base 9) in base 3?
10000211102
What is 30201 (base 6) in base 12?
2361
16b5 (base 14) to base 3
12121002
Convert -812a (base 12) to base 3.
-201012121
6e (base 16) to base 12
92
What is 334113 (base 5) in base 2?
10111000000111
Convert -624 (base 13) to base 11.
-86a
Convert -13a2d (base 15) to base 10.
-63043
Convert -33174 (base 8) to base 14.
-5124
Convert -22022100 (base 3) to base 8.
-13651
What is -331124 (base 5) in base 6?
-124502
-102102122 (base 3) to base 16
-208d
What is 166562 (base 7) in base 14?
c332
Convert 12101103 (base 4) to base 6.
314523
2df (base 16) to base 5
10420
Convert -3351 (base 7) to base 12.
-850
Convert 24455 (base 6) to base 7.
13412
2a72 (base 14) to base 4
1311330
Convert -4380 (base 11) to base 7.
-22560
Convert 24c (base 13) to base 11.
336
1171 (base 12) to base 16
7a5
Convert 31045 (base 9) to base 16.
4fe5
-111101111 (base 2) to base 8
-757
449b (base 15) to base 6
151202
Convert f6c (base 16) to base 2.
111101101100
What is -1c3c (base 14) in base 13?
-2462
What is 1a98 (base 12) in base 5?
101114
-1003 (base 7) to base 6
-1334
-36305 (base 9) to base 3
-1020100012
140400 (base 6) to base 3
122222100
What is 574 (base 13) in base 4?
32230
What is 30167 (base 11) in base 2?
1010110001010101
What is -3443b (base 12) in base 3?
-10112200002
1212 (base 3) to base 9
55
What is 4026a (base 12) in base 13?
2bbca
5126 (base 9) to base 4
322212
-2269 (base 10) to base 4
-203131
What is 4da6 (base 16) in base 6?
232010
What is 1000111100100110 (base 2) in base 15?
acd1
Convert -24522 (base 6) to base 5.
-104100
Convert 19 (base 11) to base 10.
20
What is 1312131 (base 6) in base 14?
1c223
Convert 4849 (base 11) to base 16.
18c9
Convert 120220112 (base 3) to base 13.
5381
Convert -35560 (base 7) to base 14.
-34d7
Convert -1284 (base 13) to base 10.
-2643
3699 (base 10) to base 12
2183
Convert -1020200102 (base 3) to base 5.
-1241204
123001 (base 4) to base 8
3301
Convert -425 (base 15) to base 6.
-4155
-1145 (base 9) to base 14
-44b
What is 2312 (base 5) in base 13?
1c7
What is ca13 (base 13) in base 16?
6da6
Convert 1444 (base 6) to base 4.
12010
What is -8120 (base 13) in base 14?
-6695
120112 (base 3) to base 14
21d
Convert -10011000010 (base 2) to base 16.
-4c2
3061 (base 7) to base 9
1421
Convert 2904 (base 11) to base 2.
111010101011
-2698 (base 10) to base 11
-2033
What is 175b (base 16) in base 14?
2271
Convert -1420 (base 6) to base 12.
-270
What is 6aa1 (base 15) in base 3?
1011001221
What is -1000001100001000 (base 2) in base 14?
-c320
Convert 45 (base 11) to base 3.
1211
What is 3313233 (base 4) in base 3?
210202020
What is -1360 (base 11) in base 15?
-7c5
-27a9 (base 12) to base 15
-1563
Convert 3be8 (base 15) to base 10.
12818
909 (base 13) to base 6
11030
12190 (base 12) to base 13
b184
Convert 133144 (base 6) to base 11.
9331
What is -6374 (base 9) in base 12?
-2864
Convert 1045 (base 9) to base 8.
1402
Convert 4491 (base 14) to base 4.
2321233
4100 (base 13) to base 7
35054
Convert 60444 (base 7) to base 12.
8576
Convert 5150 (base 9) to base 10.
3771
81 (base 13) to base 14
77
What is fc (base 16) in base 12?
190
What is 4246 (base 9) in base 14?
11cc
-23202 (base 4) to base 8
-1342
Convert 1203012 (base 4) to base 13.
2b6b
Convert -130 (base 11) to base 2.
-10011010
What is 983 (base 10) in base 16?
3d7
Convert 11330 (base 4) to base 6.
1432
100012 (base 6) to base 2
1111001101000
What is -d85 (base 14) in base 15?
-bca
Convert 1500 (base 7) to base 6.
2420
Convert -4c86 (base 13) to base 15.
-3386
What is -5070 (base 12) in base 11?
-6611
Convert 4100 (base 12) to base 16.
1b90
Convert -22025 (base 7) to base 16.
-1583
-12031 (base 5) to base 4
-31323
-46662 (base 7) to base 4
-2323200
What is c0c (base 13) in base 9?
2716
-4a (base 15) to base 11
-64
Convert -353 (base 7) to base 5.
-1220
222212 (base 3) to base 16
2d5
-16442 (base 8) to base 16
-1d22
What is 127 (base 12) in base 13?
106
Convert 1537 (base 13) to base 2.
110000010000
Convert -21783 (base 9) to base 6.
-151033
What is 7245 (base 16) in base 15?
8a03
What is 111544 (base 6) in base 8?
22430
Convert -1112002210 (base 3) to base 4.
-13110030
What is 127213 (base 8) in base 7?
244162
Convert 122013 (base 4) to base 6.
11423
What is 333 (base 14) in base 7?
1563
4e0c (base 15) to base 9
24763
Convert 543 (base 6) to base 16.
cf
Convert -3179 (base 13) to base 11.
-5177
What is -986 (base 14) in base 15?
-857
-1199 (base 13) to base 15
-b12
What is -1673 (base 8) in base 7?
-2533
-33 (base 7) to base 6
-40
What is 9659 (base 13) in base 7?
114551
Convert 4a6 (base 14) to base 11.
776
11e3b (base 15) to base 12
29132
What is 111022112 (base 3) in base 8?
22753
What is -1421413 (base 6) in base 8?
-235521
-1609 (base